CRAN Package Check Results for Package dtree

Last updated on 2022-05-19 19:49:27 CEST.

Flavor Version Tinstall Tcheck Ttotal Status Flags
r-devel-linux-x86_64-debian-clang 0.4.2 19.45 170.84 190.29 NOTE
r-devel-linux-x86_64-debian-gcc 0.4.2 16.08 125.82 141.90 NOTE
r-devel-linux-x86_64-fedora-clang 0.4.2 221.18 NOTE
r-devel-linux-x86_64-fedora-gcc 0.4.2 212.16 NOTE
r-devel-windows-x86_64 0.4.2 20.00 171.00 191.00 NOTE
r-patched-linux-x86_64 0.4.2 16.61 156.09 172.70 NOTE
r-release-linux-x86_64 0.4.2 14.59 158.95 173.54 NOTE
r-release-macos-arm64 0.4.2 54.00 NOTE
r-release-macos-x86_64 0.4.2 96.00 NOTE
r-release-windows-x86_64 0.4.2 20.00 171.00 191.00 NOTE
r-oldrel-macos-arm64 0.4.2 62.00 NOTE
r-oldrel-macos-x86_64 0.4.2 109.00 NOTE
r-oldrel-windows-ix86+x86_64 0.4.2 43.00 166.00 209.00 NOTE

Check Details

Version: 0.4.2
Check: LazyData
Result: NOTE
     'LazyData' is specified without a 'data' directory
Flavors: r-devel-linux-x86_64-debian-clang, r-devel-linux-x86_64-debian-gcc, r-devel-linux-x86_64-fedora-clang, r-devel-linux-x86_64-fedora-gcc, r-devel-windows-x86_64, r-patched-linux-x86_64, r-release-linux-x86_64, r-release-macos-arm64, r-release-macos-x86_64, r-release-windows-x86_64, r-oldrel-macos-arm64, r-oldrel-macos-x86_64, r-oldrel-windows-ix86+x86_64