Last updated on 2022-05-22 21:53:48 CEST.
Flavor | Version | Tinstall | Tcheck | Ttotal | Status | Flags |
---|---|---|---|---|---|---|
r-devel-linux-x86_64-debian-clang | 0.6.7 | 2.60 | 44.60 | 47.20 | OK | |
r-devel-linux-x86_64-debian-gcc | 0.6.7 | 2.38 | 34.40 | 36.78 | OK | |
r-devel-linux-x86_64-fedora-clang | 0.6.7 | 57.52 | NOTE | |||
r-devel-linux-x86_64-fedora-gcc | 0.6.7 | 56.60 | NOTE | |||
r-devel-windows-x86_64 | 0.6.7 | 30.00 | 71.00 | 101.00 | OK | |
r-patched-linux-x86_64 | 0.6.7 | 1.83 | 43.08 | 44.91 | OK | |
r-release-linux-x86_64 | 0.6.7 | 1.73 | 42.71 | 44.44 | OK | |
r-release-macos-arm64 | 0.6.7 | 22.00 | NOTE | |||
r-release-macos-x86_64 | 0.6.7 | 31.00 | NOTE | |||
r-release-windows-x86_64 | 0.6.7 | 34.00 | 74.00 | 108.00 | OK | |
r-oldrel-macos-arm64 | 0.6.7 | 25.00 | NOTE | |||
r-oldrel-macos-x86_64 | 0.6.7 | 32.00 | NOTE | |||
r-oldrel-windows-ix86+x86_64 | 0.6.7 | 8.00 | 61.00 | 69.00 | OK |
Version: 0.6.7
Check: dependencies in R code
Result: NOTE
Namespaces in Imports field not imported from:
‘digest’ ‘dplyr’
All declared Imports should be used.
Flavors: r-devel-linux-x86_64-fedora-clang, r-devel-linux-x86_64-fedora-gcc, r-release-macos-arm64, r-release-macos-x86_64, r-oldrel-macos-arm64, r-oldrel-macos-x86_64