CRAN Package Check Results for Package duckduckr

Last updated on 2022-05-16 22:52:09 CEST.

Flavor Version Tinstall Tcheck Ttotal Status Flags
r-devel-linux-x86_64-debian-clang 1.0.0 1.69 32.13 33.82 NOTE
r-devel-linux-x86_64-debian-gcc 1.0.0 1.61 24.90 26.51 NOTE
r-devel-linux-x86_64-fedora-clang 1.0.0 41.46 NOTE
r-devel-linux-x86_64-fedora-gcc 1.0.0 40.23 NOTE
r-devel-windows-x86_64 1.0.0 11.00 54.00 65.00 NOTE
r-patched-linux-x86_64 1.0.0 2.05 30.62 32.67 NOTE
r-release-linux-x86_64 1.0.0 1.94 30.07 32.01 NOTE
r-release-macos-arm64 1.0.0 15.00 NOTE
r-release-macos-x86_64 1.0.0 22.00 NOTE
r-release-windows-x86_64 1.0.0 7.00 52.00 59.00 NOTE
r-oldrel-macos-arm64 1.0.0 34.00 NOTE
r-oldrel-macos-x86_64 1.0.0 27.00 NOTE
r-oldrel-windows-ix86+x86_64 1.0.0 5.00 43.00 48.00 NOTE

Check Details

Version: 1.0.0
Check: LazyData
Result: NOTE
     'LazyData' is specified without a 'data' directory
Flavors: r-devel-linux-x86_64-debian-clang, r-devel-linux-x86_64-debian-gcc, r-devel-linux-x86_64-fedora-clang, r-devel-linux-x86_64-fedora-gcc, r-devel-windows-x86_64, r-patched-linux-x86_64, r-release-linux-x86_64, r-release-macos-arm64, r-release-macos-x86_64, r-release-windows-x86_64, r-oldrel-macos-arm64, r-oldrel-macos-x86_64, r-oldrel-windows-ix86+x86_64