CRAN Package Check Results for Package dynetNLAResistance

Last updated on 2024-05-18 19:55:12 CEST.

Flavor Version Tinstall Tcheck Ttotal Status Flags
r-devel-linux-x86_64-debian-clang 0.1.0 3.97 36.44 40.41 OK
r-devel-linux-x86_64-debian-gcc 0.1.0 3.60 28.28 31.88 OK
r-devel-linux-x86_64-fedora-clang 0.1.0 55.56 NOTE
r-devel-linux-x86_64-fedora-gcc 0.1.0 71.26 NOTE
r-devel-windows-x86_64 0.1.0 5.00 49.00 54.00 OK
r-patched-linux-x86_64 0.1.0 3.87 35.71 39.58 OK
r-release-linux-x86_64 0.1.0 2.99 35.08 38.07 OK
r-release-macos-arm64 0.1.0 22.00 OK
r-release-windows-x86_64 0.1.0 5.00 48.00 53.00 OK
r-oldrel-macos-arm64 0.1.0 22.00 OK
r-oldrel-macos-x86_64 0.1.0 29.00 OK
r-oldrel-windows-x86_64 0.1.0 6.00 54.00 60.00 OK

Check Details

Version: 0.1.0
Check: dependencies in R code
Result: NOTE Namespace in Imports field not imported from: ‘graphics’ All declared Imports should be used. Flavors: r-devel-linux-x86_64-fedora-clang, r-devel-linux-x86_64-fedora-gcc