CRAN Package Check Results for Package dynprog

Last updated on 2022-05-18 20:53:26 CEST.

Flavor Version Tinstall Tcheck Ttotal Status Flags
r-devel-linux-x86_64-debian-clang 0.1.1 1.95 32.19 34.14 NOTE
r-devel-linux-x86_64-debian-gcc 0.1.1 1.59 25.26 26.85 NOTE
r-devel-linux-x86_64-fedora-clang 0.1.1 42.20 NOTE
r-devel-linux-x86_64-fedora-gcc 0.1.1 41.38 NOTE
r-devel-windows-x86_64 0.1.1 15.00 47.00 62.00 NOTE
r-patched-linux-x86_64 0.1.1 1.79 30.62 32.41 NOTE
r-release-linux-x86_64 0.1.1 1.99 31.52 33.51 NOTE
r-release-macos-arm64 0.1.1 15.00 NOTE
r-release-macos-x86_64 0.1.1 23.00 NOTE
r-release-windows-x86_64 0.1.1 14.00 48.00 62.00 NOTE
r-oldrel-macos-arm64 0.1.1 17.00 NOTE
r-oldrel-macos-x86_64 0.1.1 27.00 NOTE
r-oldrel-windows-ix86+x86_64 0.1.1 5.00 44.00 49.00 NOTE

Check Details

Version: 0.1.1
Check: LazyData
Result: NOTE
     'LazyData' is specified without a 'data' directory
Flavors: r-devel-linux-x86_64-debian-clang, r-devel-linux-x86_64-debian-gcc, r-devel-linux-x86_64-fedora-clang, r-devel-linux-x86_64-fedora-gcc, r-devel-windows-x86_64, r-patched-linux-x86_64, r-release-linux-x86_64, r-release-macos-arm64, r-release-macos-x86_64, r-release-windows-x86_64, r-oldrel-macos-arm64, r-oldrel-macos-x86_64, r-oldrel-windows-ix86+x86_64