CRAN Package Check Results for Package dynwrap

Last updated on 2022-05-25 17:51:19 CEST.

Flavor Version Tinstall Tcheck Ttotal Status Flags
r-devel-linux-x86_64-debian-clang 1.2.2 19.21 281.97 301.18 OK
r-devel-linux-x86_64-debian-gcc 1.2.2 15.04 210.25 225.29 OK
r-devel-linux-x86_64-fedora-clang 1.2.2 350.28 OK
r-devel-linux-x86_64-fedora-gcc 1.2.2 346.16 OK
r-devel-windows-x86_64 1.2.2 82.00 343.00 425.00 OK
r-patched-linux-x86_64 1.2.2 11.72 260.35 272.07 OK
r-release-linux-x86_64 1.2.2 OK
r-release-macos-arm64 1.2.2 91.00 OK
r-release-macos-x86_64 1.2.2 141.00 OK
r-release-windows-x86_64 1.2.2 100.00 317.00 417.00 OK
r-oldrel-macos-arm64 1.2.2 96.00 NOTE
r-oldrel-macos-x86_64 1.2.2 181.00 NOTE
r-oldrel-windows-ix86+x86_64 1.2.2 37.00 348.00 385.00 OK

Check Details

Version: 1.2.2
Check: package dependencies
Result: NOTE
    Package suggested but not available for checking: ‘hdf5r’
Flavors: r-oldrel-macos-arm64, r-oldrel-macos-x86_64