CRAN Package Check Results for Package eFRED

Last updated on 2023-01-28 16:51:16 CET.

Flavor Version Tinstall Tcheck Ttotal Status Flags
r-devel-linux-x86_64-debian-clang 0.1.0 2.32 32.38 34.70 OK
r-devel-linux-x86_64-debian-gcc 0.1.0 2.32 25.09 27.41 OK
r-devel-linux-x86_64-fedora-clang 0.1.0 44.59 NOTE
r-devel-linux-x86_64-fedora-gcc 0.1.0 55.57 NOTE
r-devel-windows-x86_64 0.1.0 34.00 68.00 102.00 OK
r-patched-linux-x86_64 0.1.0 3.04 31.33 34.37 OK
r-release-linux-x86_64 0.1.0 2.57 31.25 33.82 OK
r-release-macos-arm64 0.1.0 24.00 NOTE
r-release-macos-x86_64 0.1.0 30.00 NOTE
r-release-windows-x86_64 0.1.0 21.00 66.00 87.00 OK
r-oldrel-macos-arm64 0.1.0 29.00 NOTE
r-oldrel-macos-x86_64 0.1.0 29.00 NOTE
r-oldrel-windows-ix86+x86_64 0.1.0 7.00 59.00 66.00 OK

Check Details

Version: 0.1.0
Check: data for non-ASCII characters
Result: NOTE
     Note: found 24 marked UTF-8 strings
Flavors: r-devel-linux-x86_64-fedora-clang, r-devel-linux-x86_64-fedora-gcc, r-release-macos-arm64, r-release-macos-x86_64, r-oldrel-macos-arm64, r-oldrel-macos-x86_64