CRAN Package Check Results for Package easyVerification

Last updated on 2022-05-20 18:49:13 CEST.

Flavor Version Tinstall Tcheck Ttotal Status Flags
r-devel-linux-x86_64-debian-clang 0.4.4 25.82 56.58 82.40 NOTE
r-devel-linux-x86_64-debian-gcc 0.4.4 23.35 43.63 66.98 NOTE
r-devel-linux-x86_64-fedora-clang 0.4.4 117.50 NOTE
r-devel-linux-x86_64-fedora-gcc 0.4.4 107.43 NOTE
r-devel-windows-x86_64 0.4.4 73.00 96.00 169.00 NOTE
r-patched-linux-x86_64 0.4.4 26.03 54.52 80.55 NOTE
r-release-linux-x86_64 0.4.4 25.62 54.26 79.88 NOTE
r-release-macos-arm64 0.4.4 32.00 NOTE
r-release-macos-x86_64 0.4.4 41.00 NOTE
r-release-windows-x86_64 0.4.4 71.00 105.00 176.00 NOTE
r-oldrel-macos-arm64 0.4.4 36.00 NOTE
r-oldrel-macos-x86_64 0.4.4 57.00 NOTE
r-oldrel-windows-ix86+x86_64 0.4.4 72.00 107.00 179.00 NOTE

Check Details

Version: 0.4.4
Check: LazyData
Result: NOTE
     'LazyData' is specified without a 'data' directory
Flavors: r-devel-linux-x86_64-debian-clang, r-devel-linux-x86_64-debian-gcc, r-devel-linux-x86_64-fedora-clang, r-devel-linux-x86_64-fedora-gcc, r-devel-windows-x86_64, r-patched-linux-x86_64, r-release-linux-x86_64, r-release-macos-arm64, r-release-macos-x86_64, r-release-windows-x86_64, r-oldrel-macos-arm64, r-oldrel-macos-x86_64, r-oldrel-windows-ix86+x86_64