CRAN Package Check Results for Package easyalluvial

Last updated on 2022-05-21 00:50:54 CEST.

Flavor Version Tinstall Tcheck Ttotal Status Flags
r-devel-linux-x86_64-debian-clang 0.3.0 16.23 379.33 395.56 ERROR
r-devel-linux-x86_64-debian-gcc 0.3.0 16.34 272.54 288.88 ERROR
r-devel-linux-x86_64-fedora-clang 0.3.0 449.96 ERROR
r-devel-linux-x86_64-fedora-gcc 0.3.0 445.32 ERROR
r-devel-windows-x86_64 0.3.0 76.00 380.00 456.00 ERROR
r-patched-linux-x86_64 0.3.0 14.10 349.20 363.30 OK
r-release-linux-x86_64 0.3.0 11.39 352.70 364.09 OK
r-release-macos-arm64 0.3.0 85.00 NOTE
r-release-macos-x86_64 0.3.0 167.00 NOTE
r-release-windows-x86_64 0.3.0 71.00 377.00 448.00 OK
r-oldrel-macos-arm64 0.3.0 99.00 NOTE
r-oldrel-macos-x86_64 0.3.0 313.00 NOTE
r-oldrel-windows-ix86+x86_64 0.3.0 39.00 391.00 430.00 OK

Check Details

Version: 0.3.0
Check: tests
Result: ERROR
     Running 'testthat.R' [153s/193s]
    Running the tests in 'tests/testthat.R' failed.
    Complete output:
     > library(testthat)
     > library(easyalluvial)
     >
     > test_check("easyalluvial")
     [ FAIL 1 | WARN 0 | SKIP 16 | PASS 47 ]
    
     == Skipped tests ===============================================================
     * On CRAN (15)
     * xgboost test skipped for performance (1)
    
     == Failed tests ================================================================
     -- Failure (test_plot_imp.R:37:3): add_importance_plot -------------------------
     `p <- alluvial_model_response_caret(train, df, degree = 4, pred_train = pred_train)` did not produce any warnings.
    
     [ FAIL 1 | WARN 0 | SKIP 16 | PASS 47 ]
     Error: Test failures
     Execution halted
Flavor: r-devel-linux-x86_64-debian-clang

Version: 0.3.0
Check: tests
Result: ERROR
     Running ‘testthat.R’ [110s/173s]
    Running the tests in ‘tests/testthat.R’ failed.
    Complete output:
     > library(testthat)
     > library(easyalluvial)
     >
     > test_check("easyalluvial")
     [ FAIL 1 | WARN 0 | SKIP 16 | PASS 47 ]
    
     ══ Skipped tests ═══════════════════════════════════════════════════════════════
     • On CRAN (15)
     • xgboost test skipped for performance (1)
    
     ══ Failed tests ════════════════════════════════════════════════════════════════
     ── Failure (test_plot_imp.R:37:3): add_importance_plot ─────────────────────────
     `p <- alluvial_model_response_caret(train, df, degree = 4, pred_train = pred_train)` did not produce any warnings.
    
     [ FAIL 1 | WARN 0 | SKIP 16 | PASS 47 ]
     Error: Test failures
     Execution halted
Flavor: r-devel-linux-x86_64-debian-gcc

Version: 0.3.0
Check: dependencies in R code
Result: NOTE
    Namespace in Imports field not imported from: ‘progress’
     All declared Imports should be used.
Flavors: r-devel-linux-x86_64-fedora-clang, r-devel-linux-x86_64-fedora-gcc, r-release-macos-arm64, r-release-macos-x86_64, r-oldrel-macos-arm64, r-oldrel-macos-x86_64

Version: 0.3.0
Check: tests
Result: ERROR
     Running ‘testthat.R’ [168s/244s]
    Running the tests in ‘tests/testthat.R’ failed.
    Complete output:
     > library(testthat)
     > library(easyalluvial)
     >
     > test_check("easyalluvial")
     [ FAIL 1 | WARN 0 | SKIP 16 | PASS 47 ]
    
     ══ Skipped tests ═══════════════════════════════════════════════════════════════
     • On CRAN (15)
     • xgboost test skipped for performance (1)
    
     ══ Failed tests ════════════════════════════════════════════════════════════════
     ── Failure (test_plot_imp.R:37:3): add_importance_plot ─────────────────────────
     `p <- alluvial_model_response_caret(train, df, degree = 4, pred_train = pred_train)` did not produce any warnings.
    
     [ FAIL 1 | WARN 0 | SKIP 16 | PASS 47 ]
     Error: Test failures
     Execution halted
Flavor: r-devel-linux-x86_64-fedora-clang

Version: 0.3.0
Check: tests
Result: ERROR
     Running ‘testthat.R’ [169s/199s]
    Running the tests in ‘tests/testthat.R’ failed.
    Complete output:
     > library(testthat)
     > library(easyalluvial)
     >
     > test_check("easyalluvial")
     [ FAIL 1 | WARN 0 | SKIP 16 | PASS 47 ]
    
     ══ Skipped tests ═══════════════════════════════════════════════════════════════
     • On CRAN (15)
     • xgboost test skipped for performance (1)
    
     ══ Failed tests ════════════════════════════════════════════════════════════════
     ── Failure (test_plot_imp.R:37:3): add_importance_plot ─────────────────────────
     `p <- alluvial_model_response_caret(train, df, degree = 4, pred_train = pred_train)` did not produce any warnings.
    
     [ FAIL 1 | WARN 0 | SKIP 16 | PASS 47 ]
     Error: Test failures
     Execution halted
Flavor: r-devel-linux-x86_64-fedora-gcc

Version: 0.3.0
Check: tests
Result: ERROR
     Running 'testthat.R' [143s]
    Running the tests in 'tests/testthat.R' failed.
    Complete output:
     > library(testthat)
     > library(easyalluvial)
     >
     > test_check("easyalluvial")
     [ FAIL 1 | WARN 0 | SKIP 16 | PASS 47 ]
    
     ══ Skipped tests ═══════════════════════════════════════════════════════════════
     • On CRAN (15)
     • xgboost test skipped for performance (1)
    
     ══ Failed tests ════════════════════════════════════════════════════════════════
     ── Failure (test_plot_imp.R:37:3): add_importance_plot ─────────────────────────
     `p <- alluvial_model_response_caret(train, df, degree = 4, pred_train = pred_train)` did not produce any warnings.
    
     [ FAIL 1 | WARN 0 | SKIP 16 | PASS 47 ]
     Error: Test failures
     Execution halted
Flavor: r-devel-windows-x86_64