CRAN Package Check Results for Package easycensus

Last updated on 2023-03-20 13:53:07 CET.

Flavor Version Tinstall Tcheck Ttotal Status Flags
r-devel-linux-x86_64-debian-clang 1.0.0 WARN
r-devel-linux-x86_64-debian-gcc 1.0.0 5.17 42.73 47.90 WARN
r-devel-linux-x86_64-fedora-clang 1.0.0 84.42 WARN
r-devel-linux-x86_64-fedora-gcc 1.0.0 74.55 WARN
r-devel-windows-x86_64 1.0.0 40.00 98.00 138.00 WARN
r-patched-linux-x86_64 1.0.0 9.05 53.55 62.60 OK
r-release-linux-x86_64 1.0.0 5.97 53.96 59.93 OK
r-release-macos-arm64 1.0.0 27.00 NOTE
r-release-macos-x86_64 1.0.0 39.00 NOTE
r-release-windows-x86_64 1.0.0 41.00 87.00 128.00 OK
r-oldrel-macos-arm64 1.0.0 28.00 NOTE
r-oldrel-macos-x86_64 1.0.0 42.00 NOTE
r-oldrel-windows-ix86+x86_64 1.0.0 14.00 87.00 101.00 OK

Check Details

Version: 1.0.0
Check: S3 generic/method consistency
Result: WARN
    vec_ptype_abbr:
     function(x, ..., prefix_named, suffix_shape)
    vec_ptype_abbr.estimate:
     function(x)
    See section ‘Generic functions and methods’ in the ‘Writing R
    Extensions’ manual.
Flavors: r-devel-linux-x86_64-debian-clang, r-devel-linux-x86_64-debian-gcc, r-devel-linux-x86_64-fedora-clang, r-devel-linux-x86_64-fedora-gcc, r-devel-windows-x86_64

Version: 1.0.0
Check: data for non-ASCII characters
Result: NOTE
     Note: found 10 marked UTF-8 strings
Flavors: r-devel-linux-x86_64-fedora-clang, r-devel-linux-x86_64-fedora-gcc, r-release-macos-arm64, r-release-macos-x86_64, r-oldrel-macos-arm64, r-oldrel-macos-x86_64