CRAN Package Check Results for Package easypower

Last updated on 2021-12-07 05:55:03 CET.

Flavor Version Tinstall Tcheck Ttotal Status Flags
r-devel-linux-x86_64-debian-clang 1.0.1 2.15 31.17 33.32 NOTE
r-devel-linux-x86_64-debian-gcc 1.0.1 1.86 24.82 26.68 NOTE
r-devel-linux-x86_64-fedora-clang 1.0.1 43.39 NOTE
r-devel-linux-x86_64-fedora-gcc 1.0.1 32.29 NOTE
r-devel-windows-x86_64-new-UL 1.0.1 7.00 63.00 70.00 NOTE
r-devel-windows-x86_64-new-TK 1.0.1 NOTE
r-devel-windows-x86_64-old 1.0.1 4.00 41.00 45.00 NOTE
r-patched-linux-x86_64 1.0.1 2.30 29.43 31.73 NOTE
r-release-linux-x86_64 1.0.1 2.17 28.82 30.99 NOTE
r-release-macos-arm64 1.0.1 NOTE
r-release-macos-x86_64 1.0.1 NOTE
r-release-windows-ix86+x86_64 1.0.1 4.00 43.00 47.00 NOTE
r-oldrel-macos-x86_64 1.0.1 OK
r-oldrel-windows-ix86+x86_64 1.0.1 6.00 38.00 44.00 OK

Check Details

Version: 1.0.1
Check: LazyData
Result: NOTE
     'LazyData' is specified without a 'data' directory
Flavors: r-devel-linux-x86_64-debian-clang, r-devel-linux-x86_64-debian-gcc, r-devel-linux-x86_64-fedora-clang, r-devel-linux-x86_64-fedora-gcc, r-devel-windows-x86_64-new-UL, r-devel-windows-x86_64-new-TK, r-devel-windows-x86_64-old, r-patched-linux-x86_64, r-release-linux-x86_64, r-release-macos-arm64, r-release-macos-x86_64, r-release-windows-ix86+x86_64