Last updated on 2022-05-25 00:54:50 CEST.
Flavor | Version | Tinstall | Tcheck | Ttotal | Status | Flags |
---|---|---|---|---|---|---|
r-devel-linux-x86_64-debian-clang | 1.0.0 | 2.96 | 65.69 | 68.65 | NOTE | |
r-devel-linux-x86_64-debian-gcc | 1.0.0 | 3.48 | 49.84 | 53.32 | NOTE | |
r-devel-linux-x86_64-fedora-clang | 1.0.0 | 82.83 | NOTE | |||
r-devel-linux-x86_64-fedora-gcc | 1.0.0 | 91.10 | NOTE | |||
r-devel-windows-x86_64 | 1.0.0 | 42.00 | 100.00 | 142.00 | NOTE | |
r-patched-linux-x86_64 | 1.0.0 | 4.38 | 64.60 | 68.98 | NOTE | |
r-release-linux-x86_64 | 1.0.0 | NOTE | ||||
r-release-macos-arm64 | 1.0.0 | 38.00 | NOTE | |||
r-release-macos-x86_64 | 1.0.0 | 50.00 | NOTE | |||
r-release-windows-x86_64 | 1.0.0 | 35.00 | 104.00 | 139.00 | NOTE | |
r-oldrel-macos-arm64 | 1.0.0 | 42.00 | NOTE | |||
r-oldrel-macos-x86_64 | 1.0.0 | 47.00 | NOTE | |||
r-oldrel-windows-ix86+x86_64 | 1.0.0 | 10.00 | 85.00 | 95.00 | NOTE |
Version: 1.0.0
Check: package dependencies
Result: NOTE
Package which this enhances but not available for checking: 'gurobi'
Flavors: r-devel-linux-x86_64-debian-clang, r-devel-linux-x86_64-debian-gcc, r-devel-linux-x86_64-fedora-clang, r-devel-linux-x86_64-fedora-gcc, r-devel-windows-x86_64, r-patched-linux-x86_64, r-release-linux-x86_64, r-release-macos-arm64, r-release-macos-x86_64, r-release-windows-x86_64, r-oldrel-macos-x86_64, r-oldrel-windows-ix86+x86_64
Version: 1.0.0
Check: dependencies in R code
Result: NOTE
Namespace in Imports field not imported from: ‘mathjaxr’
All declared Imports should be used.
Flavors: r-devel-linux-x86_64-fedora-clang, r-devel-linux-x86_64-fedora-gcc, r-release-macos-arm64, r-release-macos-x86_64, r-oldrel-macos-arm64, r-oldrel-macos-x86_64
Version: 1.0.0
Check: package dependencies
Result: NOTE
Package suggested but not available for checking: ‘Rsymphony’
Package which this enhances but not available for checking: ‘gurobi’
Flavor: r-oldrel-macos-arm64