CRAN Package Check Results for Package eatDB

Last updated on 2022-05-16 13:50:13 CEST.

Flavor Version Tinstall Tcheck Ttotal Status Flags
r-devel-linux-x86_64-debian-clang 0.5.0 2.66 38.09 40.75 OK
r-devel-linux-x86_64-debian-gcc 0.5.0 2.06 29.07 31.13 OK
r-devel-linux-x86_64-fedora-clang 0.5.0 48.49 NOTE
r-devel-linux-x86_64-fedora-gcc 0.5.0 47.22 NOTE
r-devel-windows-x86_64 0.5.0 13.00 62.00 75.00 OK
r-patched-linux-x86_64 0.5.0 2.72 37.20 39.92 OK
r-release-linux-x86_64 0.5.0 2.58 37.11 39.69 OK
r-release-macos-arm64 0.5.0 18.00 NOTE
r-release-macos-x86_64 0.5.0 24.00 NOTE
r-release-windows-x86_64 0.5.0 16.00 57.00 73.00 OK
r-oldrel-macos-arm64 0.5.0 16.00 NOTE
r-oldrel-macos-x86_64 0.5.0 24.00 NOTE
r-oldrel-windows-ix86+x86_64 0.5.0 6.00 46.00 52.00 OK

Check Details

Version: 0.5.0
Check: dependencies in R code
Result: NOTE
    Namespace in Imports field not imported from: ‘RSQLite’
     All declared Imports should be used.
Flavors: r-devel-linux-x86_64-fedora-clang, r-devel-linux-x86_64-fedora-gcc, r-release-macos-arm64, r-release-macos-x86_64, r-oldrel-macos-arm64, r-oldrel-macos-x86_64