Last updated on 2022-05-25 10:53:15 CEST.
Flavor | Version | Tinstall | Tcheck | Ttotal | Status | Flags |
---|---|---|---|---|---|---|
r-devel-linux-x86_64-debian-clang | 1.1 | 10.54 | 164.45 | 174.99 | OK | |
r-devel-linux-x86_64-debian-gcc | 1.1 | 7.83 | 129.50 | 137.33 | OK | |
r-devel-linux-x86_64-fedora-clang | 1.1 | 213.47 | NOTE | |||
r-devel-linux-x86_64-fedora-gcc | 1.1 | 213.02 | NOTE | |||
r-devel-windows-x86_64 | 1.1 | 49.00 | 198.00 | 247.00 | OK | |
r-patched-linux-x86_64 | 1.1 | 9.33 | 164.71 | 174.04 | OK | |
r-release-linux-x86_64 | 1.1 | OK | ||||
r-release-macos-arm64 | 1.1 | 65.00 | NOTE | |||
r-release-macos-x86_64 | 1.1 | 96.00 | NOTE | |||
r-release-windows-x86_64 | 1.1 | 64.00 | 207.00 | 271.00 | OK | |
r-oldrel-macos-arm64 | 1.1 | 80.00 | NOTE | |||
r-oldrel-macos-x86_64 | 1.1 | 139.00 | NOTE | |||
r-oldrel-windows-ix86+x86_64 | 1.1 | 19.00 | 149.00 | 168.00 | OK |
Version: 1.1
Check: dependencies in R code
Result: NOTE
Namespace in Imports field not imported from: ‘Rdpack’
All declared Imports should be used.
Flavors: r-devel-linux-x86_64-fedora-clang, r-devel-linux-x86_64-fedora-gcc, r-release-macos-arm64, r-release-macos-x86_64, r-oldrel-macos-arm64, r-oldrel-macos-x86_64