CRAN Package Check Results for Package edfun

Last updated on 2022-05-19 07:50:07 CEST.

Flavor Version Tinstall Tcheck Ttotal Status Flags
r-devel-linux-x86_64-debian-clang 0.2.0 1.56 36.02 37.58 NOTE
r-devel-linux-x86_64-debian-gcc 0.2.0 1.42 27.63 29.05 NOTE
r-devel-linux-x86_64-fedora-clang 0.2.0 45.80 NOTE
r-devel-linux-x86_64-fedora-gcc 0.2.0 43.62 NOTE
r-devel-windows-x86_64 0.2.0 10.00 57.00 67.00 NOTE
r-patched-linux-x86_64 0.2.0 2.18 34.50 36.68 NOTE
r-release-linux-x86_64 0.2.0 1.69 34.58 36.27 NOTE
r-release-macos-arm64 0.2.0 19.00 NOTE
r-release-macos-x86_64 0.2.0 24.00 NOTE
r-release-windows-x86_64 0.2.0 11.00 61.00 72.00 NOTE
r-oldrel-macos-arm64 0.2.0 17.00 NOTE
r-oldrel-macos-x86_64 0.2.0 31.00 NOTE
r-oldrel-windows-ix86+x86_64 0.2.0 5.00 44.00 49.00 NOTE

Check Details

Version: 0.2.0
Check: LazyData
Result: NOTE
     'LazyData' is specified without a 'data' directory
Flavors: r-devel-linux-x86_64-debian-clang, r-devel-linux-x86_64-debian-gcc, r-devel-linux-x86_64-fedora-clang, r-devel-linux-x86_64-fedora-gcc, r-devel-windows-x86_64, r-patched-linux-x86_64, r-release-linux-x86_64, r-release-macos-arm64, r-release-macos-x86_64, r-release-windows-x86_64, r-oldrel-macos-arm64, r-oldrel-macos-x86_64, r-oldrel-windows-ix86+x86_64