Last updated on 2022-05-29 03:52:08 CEST.
Flavor | Version | Tinstall | Tcheck | Ttotal | Status | Flags |
---|---|---|---|---|---|---|
r-devel-linux-x86_64-debian-clang | 1.0.1 | 10.05 | 221.27 | 231.32 | OK | |
r-devel-linux-x86_64-debian-gcc | 1.0.1 | 7.18 | 161.64 | 168.82 | OK | |
r-devel-linux-x86_64-fedora-clang | 1.0.1 | 273.52 | NOTE | |||
r-devel-linux-x86_64-fedora-gcc | 1.0.1 | 269.78 | NOTE | |||
r-devel-windows-x86_64 | 1.0.1 | 32.00 | 333.00 | 365.00 | OK | |
r-patched-linux-x86_64 | 1.0.1 | 7.46 | 216.27 | 223.73 | OK | |
r-release-linux-x86_64 | 1.0.1 | 7.53 | 211.86 | 219.39 | OK | |
r-release-macos-arm64 | 1.0.1 | 82.00 | NOTE | |||
r-release-macos-x86_64 | 1.0.1 | 128.00 | NOTE | |||
r-release-windows-x86_64 | 1.0.1 | 50.00 | 347.00 | 397.00 | OK | |
r-oldrel-macos-arm64 | 1.0.1 | 99.00 | NOTE | |||
r-oldrel-macos-x86_64 | 1.0.1 | 188.00 | NOTE | |||
r-oldrel-windows-ix86+x86_64 | 1.0.1 | 27.00 | 347.00 | 374.00 | OK |
Version: 1.0.1
Check: dependencies in R code
Result: NOTE
Namespace in Imports field not imported from: ‘snow’
All declared Imports should be used.
Flavors: r-devel-linux-x86_64-fedora-clang, r-devel-linux-x86_64-fedora-gcc, r-release-macos-arm64, r-release-macos-x86_64, r-oldrel-macos-arm64, r-oldrel-macos-x86_64