Last updated on 2022-05-16 13:50:14 CEST.
Flavor | Version | Tinstall | Tcheck | Ttotal | Status | Flags |
---|---|---|---|---|---|---|
r-devel-linux-x86_64-debian-clang | 1.0.0 | 22.10 | 38.34 | 60.44 | NOTE | |
r-devel-linux-x86_64-debian-gcc | 1.0.0 | 15.86 | 29.37 | 45.23 | NOTE | |
r-devel-linux-x86_64-fedora-clang | 1.0.0 | 78.67 | NOTE | |||
r-devel-linux-x86_64-fedora-gcc | 1.0.0 | 73.71 | NOTE | |||
r-devel-windows-x86_64 | 1.0.0 | 27.00 | 75.00 | 102.00 | NOTE | |
r-patched-linux-x86_64 | 1.0.0 | 16.14 | 37.02 | 53.16 | NOTE | |
r-release-linux-x86_64 | 1.0.0 | 17.14 | 36.89 | 54.03 | NOTE | |
r-release-macos-arm64 | 1.0.0 | 24.00 | NOTE | |||
r-release-macos-x86_64 | 1.0.0 | 32.00 | NOTE | |||
r-release-windows-x86_64 | 1.0.0 | 25.00 | 77.00 | 102.00 | NOTE | |
r-oldrel-macos-arm64 | 1.0.0 | 29.00 | NOTE | |||
r-oldrel-macos-x86_64 | 1.0.0 | 42.00 | NOTE | |||
r-oldrel-windows-ix86+x86_64 | 1.0.0 | 55.00 | 68.00 | 123.00 | NOTE |
Version: 1.0.0
Check: LazyData
Result: NOTE
'LazyData' is specified without a 'data' directory
Flavors: r-devel-linux-x86_64-debian-clang, r-devel-linux-x86_64-debian-gcc, r-devel-linux-x86_64-fedora-clang, r-devel-linux-x86_64-fedora-gcc, r-devel-windows-x86_64, r-patched-linux-x86_64, r-release-linux-x86_64, r-release-macos-arm64, r-release-macos-x86_64, r-release-windows-x86_64, r-oldrel-macos-arm64, r-oldrel-macos-x86_64, r-oldrel-windows-ix86+x86_64