CRAN Package Check Results for Package emIRT

Last updated on 2022-05-17 04:50:31 CEST.

Flavor Version Tinstall Tcheck Ttotal Status Flags
r-devel-linux-x86_64-debian-clang 0.0.13 1080.78 61.79 1142.57 OK
r-devel-linux-x86_64-debian-gcc 0.0.13 819.10 47.43 866.53 OK
r-devel-linux-x86_64-fedora-clang 0.0.13 1810.75 NOTE
r-devel-linux-x86_64-fedora-gcc 0.0.13 1481.00 OK
r-devel-windows-x86_64 0.0.13 861.00 127.00 988.00 OK
r-patched-linux-x86_64 0.0.13 898.96 59.52 958.48 OK
r-release-linux-x86_64 0.0.13 872.57 58.84 931.41 OK
r-release-macos-arm64 0.0.13 284.00 NOTE
r-release-macos-x86_64 0.0.13 383.00 NOTE
r-release-windows-x86_64 0.0.13 802.00 128.00 930.00 OK
r-oldrel-macos-arm64 0.0.13 270.00 NOTE
r-oldrel-macos-x86_64 0.0.13 366.00 NOTE
r-oldrel-windows-ix86+x86_64 0.0.13 2663.00 138.00 2801.00 NOTE

Check Details

Version: 0.0.13
Check: installed package size
Result: NOTE
     installed size is 14.2Mb
     sub-directories of 1Mb or more:
     data 2.0Mb
     libs 12.0Mb
Flavors: r-devel-linux-x86_64-fedora-clang, r-release-macos-arm64, r-release-macos-x86_64, r-oldrel-macos-arm64, r-oldrel-macos-x86_64, r-oldrel-windows-ix86+x86_64