Last updated on 2022-05-18 20:53:26 CEST.
Flavor | Version | Tinstall | Tcheck | Ttotal | Status | Flags |
---|---|---|---|---|---|---|
r-devel-linux-x86_64-debian-clang | 1.0.0 | 32.12 | 39.54 | 71.66 | NOTE | |
r-devel-linux-x86_64-debian-gcc | 1.0.0 | 23.54 | 30.28 | 53.82 | NOTE | |
r-devel-linux-x86_64-fedora-clang | 1.0.0 | 97.15 | NOTE | |||
r-devel-linux-x86_64-fedora-gcc | 1.0.0 | 89.30 | NOTE | |||
r-devel-windows-x86_64 | 1.0.0 | 38.00 | 80.00 | 118.00 | NOTE | |
r-patched-linux-x86_64 | 1.0.0 | 26.46 | 37.91 | 64.37 | NOTE | |
r-release-linux-x86_64 | 1.0.0 | 28.34 | 37.53 | 65.87 | NOTE | |
r-release-macos-arm64 | 1.0.0 | 25.00 | NOTE | |||
r-release-macos-x86_64 | 1.0.0 | 33.00 | NOTE | |||
r-release-windows-x86_64 | 1.0.0 | 38.00 | 81.00 | 119.00 | NOTE | |
r-oldrel-macos-arm64 | 1.0.0 | 27.00 | NOTE | |||
r-oldrel-macos-x86_64 | 1.0.0 | 46.00 | NOTE | |||
r-oldrel-windows-ix86+x86_64 | 1.0.0 | 81.00 | 90.00 | 171.00 | NOTE |
Version: 1.0.0
Check: LazyData
Result: NOTE
'LazyData' is specified without a 'data' directory
Flavors: r-devel-linux-x86_64-debian-clang, r-devel-linux-x86_64-debian-gcc, r-devel-linux-x86_64-fedora-clang, r-devel-linux-x86_64-fedora-gcc, r-devel-windows-x86_64, r-patched-linux-x86_64, r-release-linux-x86_64, r-release-macos-arm64, r-release-macos-x86_64, r-release-windows-x86_64, r-oldrel-macos-arm64, r-oldrel-macos-x86_64, r-oldrel-windows-ix86+x86_64