CRAN Package Check Results for Package ems

Last updated on 2022-01-29 06:49:32 CET.

Flavor Version Tinstall Tcheck Ttotal Status Flags
r-devel-linux-x86_64-debian-clang 1.3.11 21.06 159.40 180.46 OK
r-devel-linux-x86_64-debian-gcc 1.3.11 13.33 117.40 130.73 OK
r-devel-linux-x86_64-fedora-clang 1.3.11 242.37 NOTE
r-devel-linux-x86_64-fedora-gcc 1.3.11 238.52 NOTE
r-devel-windows-x86_64-new-UL 1.3.11 39.00 169.00 208.00 OK
r-devel-windows-x86_64-new-TK 1.3.11 NOTE
r-patched-linux-x86_64 1.3.11 21.16 164.54 185.70 OK
r-release-linux-x86_64 1.3.11 20.93 166.82 187.75 OK
r-release-macos-arm64 1.3.11 NOTE
r-release-macos-x86_64 1.3.11 NOTE
r-release-windows-ix86+x86_64 1.3.11 49.00 192.00 241.00 OK
r-oldrel-macos-x86_64 1.3.11 NOTE
r-oldrel-windows-ix86+x86_64 1.3.11 50.00 199.00 249.00 OK

Check Details

Version: 1.3.11
Check: data for non-ASCII characters
Result: NOTE
     Note: found 23639 marked Latin-1 strings
Flavors: r-devel-linux-x86_64-fedora-clang, r-devel-linux-x86_64-fedora-gcc, r-devel-windows-x86_64-new-TK, r-release-macos-arm64, r-release-macos-x86_64, r-oldrel-macos-x86_64