CRAN Package Check Results for Package enc

Last updated on 2022-05-23 20:53:36 CEST.

Flavor Version Tinstall Tcheck Ttotal Status Flags
r-devel-linux-x86_64-debian-clang 0.2.2 3.12 37.09 40.21 NOTE
r-devel-linux-x86_64-debian-gcc 0.2.2 2.64 28.96 31.60 NOTE
r-devel-linux-x86_64-fedora-clang 0.2.2 49.39 NOTE
r-devel-linux-x86_64-fedora-gcc 0.2.2 48.35 NOTE
r-devel-windows-x86_64 0.2.2 23.00 55.00 78.00 NOTE
r-patched-linux-x86_64 0.2.2 3.02 36.03 39.05 NOTE
r-release-linux-x86_64 0.2.2 NOTE
r-release-macos-arm64 0.2.2 19.00 NOTE
r-release-macos-x86_64 0.2.2 23.00 NOTE
r-release-windows-x86_64 0.2.2 28.00 55.00 83.00 NOTE
r-oldrel-macos-arm64 0.2.2 23.00 NOTE
r-oldrel-macos-x86_64 0.2.2 30.00 NOTE
r-oldrel-windows-ix86+x86_64 0.2.2 11.00 57.00 68.00 NOTE

Check Details

Version: 0.2.2
Check: LazyData
Result: NOTE
     'LazyData' is specified without a 'data' directory
Flavors: r-devel-linux-x86_64-debian-clang, r-devel-linux-x86_64-debian-gcc, r-devel-linux-x86_64-fedora-clang, r-devel-linux-x86_64-fedora-gcc, r-devel-windows-x86_64, r-patched-linux-x86_64, r-release-linux-x86_64, r-release-macos-arm64, r-release-macos-x86_64, r-release-windows-x86_64, r-oldrel-macos-arm64, r-oldrel-macos-x86_64, r-oldrel-windows-ix86+x86_64