CRAN Package Check Results for Package encryptedRmd

Last updated on 2022-05-17 02:53:08 CEST.

Flavor Version Tinstall Tcheck Ttotal Status Flags
r-devel-linux-x86_64-debian-clang 0.2.1 2.10 31.50 33.60 NOTE
r-devel-linux-x86_64-debian-gcc 0.2.1 1.46 24.96 26.42 NOTE
r-devel-linux-x86_64-fedora-clang 0.2.1 41.75 NOTE
r-devel-linux-x86_64-fedora-gcc 0.2.1 40.15 NOTE
r-devel-windows-x86_64 0.2.1 20.00 47.00 67.00 NOTE
r-patched-linux-x86_64 0.2.1 2.23 31.36 33.59 NOTE
r-release-linux-x86_64 0.2.1 2.08 30.13 32.21 NOTE
r-release-macos-arm64 0.2.1 17.00 NOTE
r-release-macos-x86_64 0.2.1 27.00 NOTE
r-release-windows-x86_64 0.2.1 21.00 48.00 69.00 NOTE
r-oldrel-macos-arm64 0.2.1 19.00 NOTE
r-oldrel-macos-x86_64 0.2.1 25.00 NOTE
r-oldrel-windows-ix86+x86_64 0.2.1 6.00 40.00 46.00 NOTE

Check Details

Version: 0.2.1
Check: LazyData
Result: NOTE
     'LazyData' is specified without a 'data' directory
Flavors: r-devel-linux-x86_64-debian-clang, r-devel-linux-x86_64-debian-gcc, r-devel-linux-x86_64-fedora-clang, r-devel-linux-x86_64-fedora-gcc, r-devel-windows-x86_64, r-patched-linux-x86_64, r-release-linux-x86_64, r-release-macos-arm64, r-release-macos-x86_64, r-release-windows-x86_64, r-oldrel-macos-arm64, r-oldrel-macos-x86_64, r-oldrel-windows-ix86+x86_64