CRAN Package Check Results for Package enerscape

Last updated on 2022-05-27 04:56:37 CEST.

Flavor Version Tinstall Tcheck Ttotal Status Flags
r-devel-linux-x86_64-debian-clang 0.1.3 2.88 67.07 69.95 OK
r-devel-linux-x86_64-debian-gcc 0.1.3 2.00 51.82 53.82 OK
r-devel-linux-x86_64-fedora-clang 0.1.3 85.03 NOTE
r-devel-linux-x86_64-fedora-gcc 0.1.3 84.90 NOTE
r-devel-windows-x86_64 0.1.3 15.00 83.00 98.00 OK
r-patched-linux-x86_64 0.1.3 3.01 65.05 68.06 OK
r-release-linux-x86_64 0.1.3 2.18 65.11 67.29 OK
r-release-macos-arm64 0.1.3 26.00 NOTE
r-release-macos-x86_64 0.1.3 36.00 NOTE
r-release-windows-x86_64 0.1.3 24.00 86.00 110.00 OK
r-oldrel-macos-arm64 0.1.3 22.00 NOTE
r-oldrel-macos-x86_64 0.1.3 32.00 NOTE
r-oldrel-windows-ix86+x86_64 0.1.3 6.00 76.00 82.00 OK

Check Details

Version: 0.1.3
Check: dependencies in R code
Result: NOTE
    Namespaces in Imports field not imported from:
     ‘rgdal’ ‘rgeos’
     All declared Imports should be used.
Flavors: r-devel-linux-x86_64-fedora-clang, r-devel-linux-x86_64-fedora-gcc, r-release-macos-arm64, r-release-macos-x86_64, r-oldrel-macos-arm64, r-oldrel-macos-x86_64