Last updated on 2022-05-29 11:52:20 CEST.
Flavor | Version | Tinstall | Tcheck | Ttotal | Status | Flags |
---|---|---|---|---|---|---|
r-devel-linux-x86_64-debian-clang | 0.2.0 | 4.50 | 96.48 | 100.98 | OK | |
r-devel-linux-x86_64-debian-gcc | 0.2.0 | 3.38 | 71.70 | 75.08 | OK | |
r-devel-linux-x86_64-fedora-clang | 0.2.0 | 122.74 | NOTE | |||
r-devel-linux-x86_64-fedora-gcc | 0.2.0 | 118.86 | NOTE | |||
r-devel-windows-x86_64 | 0.2.0 | 41.00 | 125.00 | 166.00 | OK | |
r-patched-linux-x86_64 | 0.2.0 | 9.78 | 91.78 | 101.56 | OK | |
r-release-linux-x86_64 | 0.2.0 | 4.83 | 92.65 | 97.48 | OK | |
r-release-macos-arm64 | 0.2.0 | 37.00 | NOTE | |||
r-release-macos-x86_64 | 0.2.0 | 74.00 | NOTE | |||
r-release-windows-x86_64 | 0.2.0 | 34.00 | 126.00 | 160.00 | OK | |
r-oldrel-macos-arm64 | 0.2.0 | 92.00 | NOTE | |||
r-oldrel-macos-x86_64 | 0.2.0 | 62.00 | NOTE | |||
r-oldrel-windows-ix86+x86_64 | 0.2.0 | 13.00 | 115.00 | 128.00 | OK |
Version: 0.2.0
Check: dependencies in R code
Result: NOTE
Namespace in Imports field not imported from: ‘htmlwidgets’
All declared Imports should be used.
Flavors: r-devel-linux-x86_64-fedora-clang, r-devel-linux-x86_64-fedora-gcc, r-release-macos-arm64, r-release-macos-x86_64, r-oldrel-macos-arm64, r-oldrel-macos-x86_64