Last updated on 2022-05-16 15:53:12 CEST.
Flavor | Version | Tinstall | Tcheck | Ttotal | Status | Flags |
---|---|---|---|---|---|---|
r-devel-linux-x86_64-debian-clang | 0.96 | 31.55 | 285.60 | 317.15 | OK | |
r-devel-linux-x86_64-debian-gcc | 0.96 | 26.37 | 209.51 | 235.88 | OK | |
r-devel-linux-x86_64-fedora-clang | 0.96 | 413.75 | OK | |||
r-devel-linux-x86_64-fedora-gcc | 0.96 | 386.69 | OK | |||
r-devel-windows-x86_64 | 0.96 | 51.00 | 312.00 | 363.00 | OK | |
r-patched-linux-x86_64 | 0.96 | 25.04 | 262.87 | 287.91 | OK | |
r-release-linux-x86_64 | 0.96 | 28.40 | 268.94 | 297.34 | OK | |
r-release-macos-arm64 | 0.96 | 115.00 | OK | |||
r-release-macos-x86_64 | 0.96 | 6.00 | ERROR | |||
r-release-windows-x86_64 | 0.96 | 54.00 | 309.00 | 363.00 | OK | |
r-oldrel-macos-arm64 | 0.96 | 83.00 | OK | |||
r-oldrel-macos-x86_64 | 0.96 | 146.00 | OK | |||
r-oldrel-windows-ix86+x86_64 | 0.96 | 86.00 | 351.00 | 437.00 | OK |
Version: 0.96
Check: package dependencies
Result: ERROR
Package required but not available: ‘RcppAlgos’
See section ‘The DESCRIPTION file’ in the ‘Writing R Extensions’
manual.
Flavor: r-release-macos-x86_64