CRAN Package Check Results for Package epxToR

Last updated on 2023-01-28 16:51:16 CET.

Flavor Version Tinstall Tcheck Ttotal Status Flags
r-devel-linux-x86_64-debian-clang 0.4-1 3.03 30.32 33.35 NOTE
r-devel-linux-x86_64-debian-gcc 0.4-1 2.39 24.14 26.53 NOTE
r-devel-linux-x86_64-fedora-clang 0.4-1 42.99 NOTE
r-devel-linux-x86_64-fedora-gcc 0.4-1 42.31 NOTE
r-devel-windows-x86_64 0.4-1 11.00 56.00 67.00 NOTE
r-patched-linux-x86_64 0.4-1 2.98 30.32 33.30 NOTE
r-release-linux-x86_64 0.4-1 3.35 31.33 34.68 NOTE
r-release-macos-arm64 0.4-1 19.00 NOTE
r-release-macos-x86_64 0.4-1 25.00 NOTE
r-release-windows-x86_64 0.4-1 11.00 58.00 69.00 NOTE
r-oldrel-macos-arm64 0.4-1 22.00 NOTE
r-oldrel-macos-x86_64 0.4-1 26.00 NOTE
r-oldrel-windows-ix86+x86_64 0.4-1 7.00 53.00 60.00 NOTE

Check Details

Version: 0.4-1
Check: LazyData
Result: NOTE
     'LazyData' is specified without a 'data' directory
Flavors: r-devel-linux-x86_64-debian-clang, r-devel-linux-x86_64-debian-gcc, r-devel-linux-x86_64-fedora-clang, r-devel-linux-x86_64-fedora-gcc, r-devel-windows-x86_64, r-patched-linux-x86_64, r-release-linux-x86_64, r-release-macos-arm64, r-release-macos-x86_64, r-release-windows-x86_64, r-oldrel-macos-arm64, r-oldrel-macos-x86_64, r-oldrel-windows-ix86+x86_64