CRAN Package Check Results for Package erboost

Last updated on 2022-05-26 11:52:08 CEST.

Flavor Version Tinstall Tcheck Ttotal Status Flags
r-devel-linux-x86_64-debian-clang 1.3 15.08 38.21 53.29 OK
r-devel-linux-x86_64-debian-gcc 1.3 11.67 32.43 44.10 OK
r-devel-linux-x86_64-fedora-clang 1.3 80.46 NOTE
r-devel-linux-x86_64-fedora-gcc 1.3 61.54 NOTE
r-devel-windows-x86_64 1.3 35.00 73.00 108.00 OK
r-patched-linux-x86_64 1.3 10.48 36.55 47.03 OK
r-release-linux-x86_64 1.3 OK
r-release-macos-arm64 1.3 22.00 OK
r-release-macos-x86_64 1.3 31.00 OK
r-release-windows-x86_64 1.3 25.00 64.00 89.00 OK
r-oldrel-macos-arm64 1.3 28.00 OK
r-oldrel-macos-x86_64 1.3 39.00 OK
r-oldrel-windows-ix86+x86_64 1.3 39.00 58.00 97.00 OK

Check Details

Version: 1.3
Check: compiled code
Result: NOTE
    File ‘erboost/libs/erboost.so’:
     Found no calls to: ‘R_registerRoutines’, ‘R_useDynamicSymbols’
    
    It is good practice to register native routines and to disable symbol
    search.
    
    See ‘Writing portable packages’ in the ‘Writing R Extensions’ manual.
Flavors: r-devel-linux-x86_64-fedora-clang, r-devel-linux-x86_64-fedora-gcc