CRAN Package Check Results for Package erp.easy

Last updated on 2022-05-17 06:53:07 CEST.

Flavor Version Tinstall Tcheck Ttotal Status Flags
r-devel-linux-x86_64-debian-clang 1.1.0 3.42 42.59 46.01 OK
r-devel-linux-x86_64-debian-gcc 1.1.0 3.28 31.95 35.23 OK
r-devel-linux-x86_64-fedora-clang 1.1.0 57.60 NOTE
r-devel-linux-x86_64-fedora-gcc 1.1.0 54.11 NOTE
r-devel-windows-x86_64 1.1.0 20.00 56.00 76.00 OK
r-patched-linux-x86_64 1.1.0 4.05 40.20 44.25 OK
r-release-linux-x86_64 1.1.0 3.04 40.59 43.63 OK
r-release-macos-arm64 1.1.0 17.00 NOTE
r-release-macos-x86_64 1.1.0 25.00 NOTE
r-release-windows-x86_64 1.1.0 22.00 60.00 82.00 OK
r-oldrel-macos-arm64 1.1.0 23.00 NOTE
r-oldrel-macos-x86_64 1.1.0 37.00 NOTE
r-oldrel-windows-ix86+x86_64 1.1.0 8.00 48.00 56.00 OK

Check Details

Version: 1.1.0
Check: dependencies in R code
Result: NOTE
    Namespace in Imports field not imported from: ‘signal’
     All declared Imports should be used.
Flavors: r-devel-linux-x86_64-fedora-clang, r-devel-linux-x86_64-fedora-gcc, r-release-macos-arm64, r-release-macos-x86_64, r-oldrel-macos-arm64, r-oldrel-macos-x86_64