CRAN Package Check Results for Package estatapi

Last updated on 2024-05-20 13:50:35 CEST.

Flavor Version Tinstall Tcheck Ttotal Status Flags
r-devel-linux-x86_64-debian-clang 0.4.0 3.38 32.59 35.97 NOTE
r-devel-linux-x86_64-debian-gcc 0.4.0 2.08 25.28 27.36 NOTE
r-devel-linux-x86_64-fedora-clang 0.4.0 46.81 NOTE
r-devel-linux-x86_64-fedora-gcc 0.4.0 42.89 NOTE
r-devel-windows-x86_64 0.4.0 4.00 48.00 52.00 NOTE
r-patched-linux-x86_64 0.4.0 3.19 31.80 34.99 NOTE
r-release-linux-x86_64 0.4.0 2.49 31.96 34.45 NOTE
r-release-macos-arm64 0.4.0 20.00 NOTE
r-release-windows-x86_64 0.4.0 5.00 48.00 53.00 NOTE
r-oldrel-macos-arm64 0.4.0 19.00 NOTE
r-oldrel-macos-x86_64 0.4.0 24.00 NOTE
r-oldrel-windows-x86_64 0.4.0 5.00 52.00 57.00 NOTE

Check Details

Version: 0.4.0
Check: LazyData
Result: NOTE 'LazyData' is specified without a 'data' directory Flavors: r-devel-linux-x86_64-debian-clang, r-devel-linux-x86_64-debian-gcc, r-devel-linux-x86_64-fedora-clang, r-devel-linux-x86_64-fedora-gcc, r-devel-windows-x86_64, r-patched-linux-x86_64, r-release-linux-x86_64, r-release-macos-arm64, r-release-windows-x86_64, r-oldrel-macos-arm64, r-oldrel-macos-x86_64, r-oldrel-windows-x86_64