CRAN Package Check Results for Package estimatr

Last updated on 2022-05-20 22:53:09 CEST.

Flavor Version Tinstall Tcheck Ttotal Status Flags
r-devel-linux-x86_64-debian-clang 0.30.6 92.27 158.37 250.64 OK
r-devel-linux-x86_64-debian-gcc 0.30.6 77.24 119.75 196.99 OK
r-devel-linux-x86_64-fedora-clang 0.30.6 343.48 NOTE
r-devel-linux-x86_64-fedora-gcc 0.30.6 329.01 OK
r-devel-windows-x86_64 0.30.6 98.00 195.00 293.00 OK
r-patched-linux-x86_64 0.30.6 81.09 150.11 231.20 OK
r-release-linux-x86_64 0.30.6 81.71 152.32 234.03 OK
r-release-macos-arm64 0.30.6 80.00 NOTE
r-release-macos-x86_64 0.30.6 107.00 NOTE
r-release-windows-x86_64 0.30.6 111.00 199.00 310.00 OK
r-oldrel-macos-arm64 0.30.6 76.00 NOTE
r-oldrel-macos-x86_64 0.30.6 106.00 NOTE
r-oldrel-windows-ix86+x86_64 0.30.6 217.00 253.00 470.00 OK

Check Details

Version: 0.30.6
Check: installed package size
Result: NOTE
     installed size is 23.4Mb
     sub-directories of 1Mb or more:
     libs 23.0Mb
Flavors: r-devel-linux-x86_64-fedora-clang, r-release-macos-arm64, r-release-macos-x86_64, r-oldrel-macos-arm64, r-oldrel-macos-x86_64