CRAN Package Check Results for Package eulerr

Last updated on 2022-05-25 05:53:37 CEST.

Flavor Version Tinstall Tcheck Ttotal Status Flags
r-devel-linux-x86_64-debian-clang 6.1.1 74.12 85.49 159.61 OK
r-devel-linux-x86_64-debian-gcc 6.1.1 59.44 64.58 124.02 OK
r-devel-linux-x86_64-fedora-clang 6.1.1 213.54 OK
r-devel-linux-x86_64-fedora-gcc 6.1.1 192.07 OK
r-devel-windows-x86_64 6.1.1 87.00 134.00 221.00 OK
r-patched-linux-x86_64 6.1.1 62.15 82.96 145.11 OK
r-release-linux-x86_64 6.1.1 OK
r-release-macos-arm64 6.1.1 58.00 NOTE
r-release-macos-x86_64 6.1.1 76.00 NOTE
r-release-windows-x86_64 6.1.1 83.00 134.00 217.00 OK
r-oldrel-macos-arm64 6.1.1 80.00 NOTE
r-oldrel-macos-x86_64 6.1.1 70.00 NOTE
r-oldrel-windows-ix86+x86_64 6.1.1 176.00 141.00 317.00 OK

Check Details

Version: 6.1.1
Check: installed package size
Result: NOTE
     installed size is 5.2Mb
     sub-directories of 1Mb or more:
     doc 1.1Mb
     libs 3.3Mb
Flavors: r-release-macos-arm64, r-release-macos-x86_64, r-oldrel-macos-arm64, r-oldrel-macos-x86_64