CRAN Package Check Results for Package eva

Last updated on 2022-05-16 15:53:12 CEST.

Flavor Version Tinstall Tcheck Ttotal Status Flags
r-devel-linux-x86_64-debian-clang 0.2.6 12.25 121.15 133.40 OK
r-devel-linux-x86_64-debian-gcc 0.2.6 10.74 91.09 101.83 OK
r-devel-linux-x86_64-fedora-clang 0.2.6 157.45 NOTE
r-devel-linux-x86_64-fedora-gcc 0.2.6 155.18 NOTE
r-devel-windows-x86_64 0.2.6 29.00 140.00 169.00 OK
r-patched-linux-x86_64 0.2.6 11.71 116.35 128.06 OK
r-release-linux-x86_64 0.2.6 12.14 115.10 127.24 OK
r-release-macos-arm64 0.2.6 43.00 NOTE
r-release-macos-x86_64 0.2.6 81.00 NOTE
r-release-windows-x86_64 0.2.6 41.00 143.00 184.00 OK
r-oldrel-macos-arm64 0.2.6 49.00 NOTE
r-oldrel-macos-x86_64 0.2.6 78.00 NOTE
r-oldrel-windows-ix86+x86_64 0.2.6 25.00 133.00 158.00 OK

Check Details

Version: 0.2.6
Check: dependencies in R code
Result: NOTE
    Namespace in Imports field not imported from: ‘EnvStats’
     All declared Imports should be used.
Flavors: r-devel-linux-x86_64-fedora-clang, r-devel-linux-x86_64-fedora-gcc, r-release-macos-arm64, r-release-macos-x86_64, r-oldrel-macos-arm64, r-oldrel-macos-x86_64