CRAN Package Check Results for Package ewoc

Last updated on 2022-09-30 16:51:04 CEST.

Flavor Version Tinstall Tcheck Ttotal Status Flags
r-devel-linux-x86_64-debian-clang 0.3.0 6.82 74.37 81.19 NOTE
r-devel-linux-x86_64-debian-gcc 0.3.0 6.33 54.31 60.64 NOTE
r-devel-linux-x86_64-fedora-clang 0.3.0 113.42 NOTE
r-devel-linux-x86_64-fedora-gcc 0.3.0 116.23 NOTE
r-devel-windows-x86_64 0.3.0 22.00 130.00 152.00 NOTE
r-patched-linux-x86_64 0.3.0 6.51 67.78 74.29 NOTE
r-release-linux-x86_64 0.3.0 6.46 67.99 74.45 NOTE
r-release-macos-arm64 0.3.0 36.00 NOTE
r-release-macos-x86_64 0.3.0 45.00 NOTE
r-release-windows-x86_64 0.3.0 20.00 127.00 147.00 NOTE
r-oldrel-macos-arm64 0.3.0 29.00 NOTE
r-oldrel-macos-x86_64 0.3.0 49.00 NOTE
r-oldrel-windows-ix86+x86_64 0.3.0 19.00 120.00 139.00 NOTE

Check Details

Version: 0.3.0
Check: LazyData
Result: NOTE
     'LazyData' is specified without a 'data' directory
Flavors: r-devel-linux-x86_64-debian-clang, r-devel-linux-x86_64-debian-gcc, r-devel-linux-x86_64-fedora-clang, r-devel-linux-x86_64-fedora-gcc, r-devel-windows-x86_64, r-patched-linux-x86_64, r-release-linux-x86_64, r-release-macos-arm64, r-release-macos-x86_64, r-release-windows-x86_64, r-oldrel-macos-arm64, r-oldrel-macos-x86_64, r-oldrel-windows-ix86+x86_64

Version: 0.3.0
Check: dependencies in R code
Result: NOTE
    Namespace in Imports field not imported from: ‘parallel’
     All declared Imports should be used.
Flavors: r-devel-linux-x86_64-fedora-clang, r-devel-linux-x86_64-fedora-gcc, r-release-macos-arm64, r-release-macos-x86_64, r-oldrel-macos-arm64, r-oldrel-macos-x86_64