Last updated on 2022-05-23 09:51:09 CEST.
Flavor | Version | Tinstall | Tcheck | Ttotal | Status | Flags |
---|---|---|---|---|---|---|
r-devel-linux-x86_64-debian-clang | 0.3 | 3.93 | 38.91 | 42.84 | OK | |
r-devel-linux-x86_64-debian-gcc | 0.3 | 2.82 | 29.97 | 32.79 | OK | |
r-devel-linux-x86_64-fedora-clang | 0.3 | 51.21 | NOTE | |||
r-devel-linux-x86_64-fedora-gcc | 0.3 | 49.54 | OK | |||
r-devel-windows-x86_64 | 0.3 | 16.00 | 56.00 | 72.00 | OK | |
r-patched-linux-x86_64 | 0.3 | 5.24 | 38.01 | 43.25 | OK | |
r-release-linux-x86_64 | 0.3 | OK | ||||
r-release-macos-arm64 | 0.3 | 17.00 | OK | |||
r-release-macos-x86_64 | 0.3 | 24.00 | OK | |||
r-release-windows-x86_64 | 0.3 | 18.00 | 60.00 | 78.00 | OK | |
r-oldrel-macos-arm64 | 0.3 | 20.00 | OK | |||
r-oldrel-macos-x86_64 | 0.3 | 28.00 | OK | |||
r-oldrel-windows-ix86+x86_64 | 0.3 | 8.00 | 47.00 | 55.00 | OK |
Version: 0.3
Check: Rd cross-references
Result: NOTE
Undeclared package ‘tth’ in Rd xrefs
Flavor: r-devel-linux-x86_64-fedora-clang