CRAN Package Check Results for Package excursions

Last updated on 2022-05-17 15:53:16 CEST.

Flavor Version Tinstall Tcheck Ttotal Status Flags
r-devel-linux-x86_64-debian-clang 2.5.2 22.04 117.36 139.40 NOTE
r-devel-linux-x86_64-debian-gcc 2.5.2 17.89 88.75 106.64 NOTE
r-devel-linux-x86_64-fedora-clang 2.5.2 167.49 OK
r-devel-linux-x86_64-fedora-gcc 2.5.2 159.50 OK
r-devel-windows-x86_64 2.5.2 87.00 139.00 226.00 NOTE
r-patched-linux-x86_64 2.5.2 22.34 110.87 133.21 NOTE
r-release-linux-x86_64 2.5.2 20.32 112.21 132.53 NOTE
r-release-macos-arm64 2.5.2 40.00 NOTE
r-release-macos-x86_64 2.5.2 64.00 NOTE
r-release-windows-x86_64 2.5.2 80.00 141.00 221.00 NOTE
r-oldrel-macos-arm64 2.5.2 40.00 NOTE
r-oldrel-macos-x86_64 2.5.2 61.00 NOTE
r-oldrel-windows-ix86+x86_64 2.5.2 54.00 164.00 218.00 OK

Check Details

Version: 2.5.2
Check: package dependencies
Result: NOTE
    Package suggested but not available for checking: 'INLA'
Flavors: r-devel-linux-x86_64-debian-clang, r-devel-linux-x86_64-debian-gcc, r-devel-windows-x86_64, r-patched-linux-x86_64, r-release-linux-x86_64, r-release-macos-arm64, r-release-macos-x86_64, r-release-windows-x86_64, r-oldrel-macos-arm64, r-oldrel-macos-x86_64