CRAN Package Check Results for Package exp2flux

Last updated on 2022-05-24 09:52:17 CEST.

Flavor Version Tinstall Tcheck Ttotal Status Flags
r-devel-linux-x86_64-debian-clang 0.1 29.99 256.80 286.79 NOTE
r-devel-linux-x86_64-debian-gcc 0.1 26.46 189.88 216.34 NOTE
r-devel-linux-x86_64-fedora-clang 0.1 333.23 NOTE
r-devel-linux-x86_64-fedora-gcc 0.1 323.66 NOTE
r-devel-windows-x86_64 0.1 30.00 245.00 275.00 NOTE
r-patched-linux-x86_64 0.1 29.26 238.34 267.60 NOTE
r-release-linux-x86_64 0.1 NOTE
r-release-macos-arm64 0.1 7.00 ERROR
r-release-macos-x86_64 0.1 5.00 ERROR
r-release-windows-x86_64 0.1 26.00 241.00 267.00 NOTE
r-oldrel-macos-arm64 0.1 7.00 ERROR
r-oldrel-macos-x86_64 0.1 4.00 ERROR
r-oldrel-windows-ix86+x86_64 0.1 58.00 226.00 284.00 NOTE

Check Details

Version: 0.1
Check: LazyData
Result: NOTE
     'LazyData' is specified without a 'data' directory
Flavors: r-devel-linux-x86_64-debian-clang, r-devel-linux-x86_64-debian-gcc, r-devel-linux-x86_64-fedora-clang, r-devel-linux-x86_64-fedora-gcc, r-devel-windows-x86_64, r-patched-linux-x86_64, r-release-linux-x86_64, r-release-windows-x86_64, r-oldrel-windows-ix86+x86_64

Version: 0.1
Check: package dependencies
Result: ERROR
    Package required but not available: ‘gage’
    
    See section ‘The DESCRIPTION file’ in the ‘Writing R Extensions’
    manual.
Flavors: r-release-macos-arm64, r-release-macos-x86_64, r-oldrel-macos-arm64, r-oldrel-macos-x86_64