CRAN Package Check Results for Package extremevalues

Last updated on 2022-06-30 02:52:24 CEST.

Flavor Version Tinstall Tcheck Ttotal Status Flags
r-devel-linux-x86_64-debian-clang 2.3.3 5.56 55.37 60.93 NOTE
r-devel-linux-x86_64-debian-gcc 2.3.3 4.46 44.65 49.11 NOTE
r-devel-linux-x86_64-fedora-clang 2.3.3 86.09 NOTE
r-devel-linux-x86_64-fedora-gcc 2.3.3 85.87 NOTE
r-devel-windows-x86_64 2.3.3 30.00 89.00 119.00 NOTE
r-patched-linux-x86_64 2.3.3 6.23 56.20 62.43 OK
r-release-linux-x86_64 2.3.3 6.87 57.36 64.23 OK
r-release-macos-arm64 2.3.3 34.00 OK
r-release-macos-x86_64 2.3.3 52.00 OK
r-release-windows-x86_64 2.3.3 27.00 90.00 117.00 OK
r-oldrel-macos-arm64 2.3.3 41.00 OK
r-oldrel-macos-x86_64 2.3.3 64.00 OK
r-oldrel-windows-ix86+x86_64 2.3.3 14.00 78.00 92.00 OK

Check Details

Version: 2.3.3
Check: Rd files
Result: NOTE
    checkRd: (-1) outlierPlot.Rd:30: Escaped LaTeX specials: \$
    checkRd: (-1) outlierPlot.Rd:32: Escaped LaTeX specials: \$
Flavors: r-devel-linux-x86_64-debian-clang, r-devel-linux-x86_64-debian-gcc, r-devel-linux-x86_64-fedora-clang, r-devel-linux-x86_64-fedora-gcc, r-devel-windows-x86_64