CRAN Package Check Results for Package eyedata

Last updated on 2022-05-28 05:53:07 CEST.

Flavor Version Tinstall Tcheck Ttotal Status Flags
r-devel-linux-x86_64-debian-clang 0.1.0 4.21 34.64 38.85 OK
r-devel-linux-x86_64-debian-gcc 0.1.0 3.98 27.26 31.24 OK
r-devel-linux-x86_64-fedora-clang 0.1.0 47.98 NOTE
r-devel-linux-x86_64-fedora-gcc 0.1.0 47.37 NOTE
r-devel-windows-x86_64 0.1.0 14.00 55.00 69.00 OK
r-patched-linux-x86_64 0.1.0 4.17 33.12 37.29 OK
r-release-linux-x86_64 0.1.0 4.15 33.98 38.13 OK
r-release-macos-arm64 0.1.0 19.00 NOTE
r-release-macos-x86_64 0.1.0 30.00 NOTE
r-release-windows-x86_64 0.1.0 14.00 53.00 67.00 OK
r-oldrel-macos-arm64 0.1.0 24.00 NOTE
r-oldrel-macos-x86_64 0.1.0 29.00 NOTE
r-oldrel-windows-ix86+x86_64 0.1.0 10.00 42.00 52.00 OK

Check Details

Version: 0.1.0
Check: dependencies in R code
Result: NOTE
    Namespace in Imports field not imported from: ‘dplyr’
     All declared Imports should be used.
Flavors: r-devel-linux-x86_64-fedora-clang, r-devel-linux-x86_64-fedora-gcc, r-release-macos-arm64, r-release-macos-x86_64, r-oldrel-macos-arm64, r-oldrel-macos-x86_64