CRAN Package Check Results for Package fICA

Last updated on 2022-05-18 10:52:50 CEST.

Flavor Version Tinstall Tcheck Ttotal Status Flags
r-devel-linux-x86_64-debian-clang 1.1-2 55.03 43.61 98.64 OK
r-devel-linux-x86_64-debian-gcc 1.1-2 30.38 33.48 63.86 OK
r-devel-linux-x86_64-fedora-clang 1.1-2 126.96 OK
r-devel-linux-x86_64-fedora-gcc 1.1-2 100.02 OK
r-devel-windows-x86_64 1.1-2 42.00 83.00 125.00 OK
r-patched-linux-x86_64 1.1-2 30.77 41.32 72.09 OK
r-release-linux-x86_64 1.1-2 32.31 41.31 73.62 OK
r-release-macos-arm64 1.1-2 32.00 OK
r-release-macos-x86_64 1.1-2 43.00 OK
r-release-windows-x86_64 1.1-2 45.00 85.00 130.00 OK
r-oldrel-macos-arm64 1.1-2 36.00 NOTE
r-oldrel-macos-x86_64 1.1-2 43.00 OK
r-oldrel-windows-ix86+x86_64 1.1-2 89.00 78.00 167.00 OK

Check Details

Version: 1.1-2
Check: installed package size
Result: NOTE
     installed size is 5.5Mb
     sub-directories of 1Mb or more:
     libs 5.3Mb
Flavor: r-oldrel-macos-arm64