CRAN Package Check Results for Package factorMerger

Last updated on 2022-01-25 16:50:18 CET.

Flavor Version Tinstall Tcheck Ttotal Status Flags
r-devel-linux-x86_64-debian-clang 0.4.0 14.84 199.09 213.93 OK
r-devel-linux-x86_64-debian-gcc 0.4.0 15.75 147.78 163.53 OK
r-devel-linux-x86_64-fedora-clang 0.4.0 244.82 NOTE
r-devel-linux-x86_64-fedora-gcc 0.4.0 236.73 NOTE
r-devel-windows-x86_64-new-UL 0.4.0 152.00 243.00 395.00 OK
r-devel-windows-x86_64-new-TK 0.4.0 ERROR
r-patched-linux-x86_64 0.4.0 11.48 185.76 197.24 OK
r-release-linux-x86_64 0.4.0 13.59 188.88 202.47 OK
r-release-macos-arm64 0.4.0 NOTE
r-release-macos-x86_64 0.4.0 NOTE
r-release-windows-ix86+x86_64 0.4.0 35.00 221.00 256.00 OK
r-oldrel-macos-x86_64 0.4.0 NOTE
r-oldrel-windows-ix86+x86_64 0.4.0 35.00 224.00 259.00 OK

Check Details

Version: 0.4.0
Check: dependencies in R code
Result: NOTE
    Namespaces in Imports field not imported from:
     ‘forcats’ ‘formula.tools’
     All declared Imports should be used.
Flavors: r-devel-linux-x86_64-fedora-clang, r-devel-linux-x86_64-fedora-gcc, r-release-macos-arm64, r-release-macos-x86_64, r-oldrel-macos-x86_64

Version: 0.4.0
Check: package dependencies
Result: ERROR
    Package required but not available: 'ggpubr'
    
    Package suggested but not available for checking: 'survminer'
    
    See section 'The DESCRIPTION file' in the 'Writing R Extensions'
    manual.
Flavor: r-devel-windows-x86_64-new-TK