Last updated on 2022-05-23 18:50:29 CEST.
Flavor | Version | Tinstall | Tcheck | Ttotal | Status | Flags |
---|---|---|---|---|---|---|
r-devel-linux-x86_64-debian-clang | 1.0 | 2.53 | 54.09 | 56.62 | OK | |
r-devel-linux-x86_64-debian-gcc | 1.0 | 2.08 | 39.51 | 41.59 | OK | |
r-devel-linux-x86_64-fedora-clang | 1.0 | 71.24 | NOTE | |||
r-devel-linux-x86_64-fedora-gcc | 1.0 | 68.00 | NOTE | |||
r-devel-windows-x86_64 | 1.0 | 13.00 | 80.00 | 93.00 | OK | |
r-patched-linux-x86_64 | 1.0 | 2.66 | 53.25 | 55.91 | OK | |
r-release-linux-x86_64 | 1.0 | OK | ||||
r-release-macos-arm64 | 1.0 | 21.00 | NOTE | |||
r-release-macos-x86_64 | 1.0 | 39.00 | NOTE | |||
r-release-windows-x86_64 | 1.0 | 18.00 | 82.00 | 100.00 | OK | |
r-oldrel-macos-arm64 | 1.0 | 26.00 | NOTE | |||
r-oldrel-macos-x86_64 | 1.0 | 30.00 | NOTE | |||
r-oldrel-windows-ix86+x86_64 | 1.0 | 7.00 | 71.00 | 78.00 | OK |
Version: 1.0
Check: dependencies in R code
Result: NOTE
Namespace in Imports field not imported from: ‘dplyr’
All declared Imports should be used.
Flavors: r-devel-linux-x86_64-fedora-clang, r-devel-linux-x86_64-fedora-gcc, r-release-macos-arm64, r-release-macos-x86_64, r-oldrel-macos-arm64, r-oldrel-macos-x86_64