CRAN Package Check Results for Package far

Last updated on 2022-05-16 13:50:14 CEST.

Flavor Version Tinstall Tcheck Ttotal Status Flags
r-devel-linux-x86_64-debian-clang 0.6-5 6.23 48.86 55.09 OK
r-devel-linux-x86_64-debian-gcc 0.6-5 4.13 36.30 40.43 OK
r-devel-linux-x86_64-fedora-clang 0.6-5 64.41 NOTE
r-devel-linux-x86_64-fedora-gcc 0.6-5 61.88 NOTE
r-devel-windows-x86_64 0.6-5 23.00 65.00 88.00 OK
r-patched-linux-x86_64 0.6-5 6.79 45.02 51.81 OK
r-release-linux-x86_64 0.6-5 5.70 44.95 50.65 OK
r-release-macos-arm64 0.6-5 20.00 OK
r-release-macos-x86_64 0.6-5 27.00 OK
r-release-windows-x86_64 0.6-5 26.00 63.00 89.00 OK
r-oldrel-macos-arm64 0.6-5 30.00 OK
r-oldrel-macos-x86_64 0.6-5 35.00 OK
r-oldrel-windows-ix86+x86_64 0.6-5 13.00 66.00 79.00 OK

Check Details

Version: 0.6-5
Check: compiled code
Result: NOTE
    File ‘far/libs/far.so’:
     Found no calls to: ‘R_registerRoutines’, ‘R_useDynamicSymbols’
    
    It is good practice to register native routines and to disable symbol
    search.
    
    See ‘Writing portable packages’ in the ‘Writing R Extensions’ manual.
Flavors: r-devel-linux-x86_64-fedora-clang, r-devel-linux-x86_64-fedora-gcc