CRAN Package Check Results for Package farrell

Last updated on 2024-05-30 19:50:36 CEST.

Flavor Version Tinstall Tcheck Ttotal Status Flags
r-devel-linux-x86_64-debian-clang 0.2.1 3.10 28.67 31.77 NOTE
r-devel-linux-x86_64-debian-gcc 0.2.1 2.12 21.99 24.11 NOTE
r-devel-linux-x86_64-fedora-clang 0.2.1 41.18 NOTE
r-devel-linux-x86_64-fedora-gcc 0.2.1 50.43 NOTE
r-devel-windows-x86_64 0.2.1 4.00 44.00 48.00 NOTE
r-patched-linux-x86_64 0.2.1 2.21 26.82 29.03 NOTE
r-release-linux-x86_64 0.2.1 2.56 26.62 29.18 NOTE
r-release-macos-arm64 0.2.1 23.00 NOTE
r-release-windows-x86_64 0.2.1 4.00 43.00 47.00 NOTE
r-oldrel-macos-arm64 0.2.1 24.00 NOTE
r-oldrel-macos-x86_64 0.2.1 29.00 NOTE
r-oldrel-windows-x86_64 0.2.1 4.00 44.00 48.00 NOTE

Check Details

Version: 0.2.1
Check: LazyData
Result: NOTE 'LazyData' is specified without a 'data' directory Flavors: r-devel-linux-x86_64-debian-clang, r-devel-linux-x86_64-debian-gcc, r-devel-linux-x86_64-fedora-clang, r-devel-linux-x86_64-fedora-gcc, r-devel-windows-x86_64, r-patched-linux-x86_64, r-release-linux-x86_64, r-release-macos-arm64, r-release-windows-x86_64, r-oldrel-macos-arm64, r-oldrel-macos-x86_64, r-oldrel-windows-x86_64

Version: 0.2.1
Check: dependencies in R code
Result: NOTE Namespace in Imports field not imported from: ‘rlang’ All declared Imports should be used. Flavors: r-devel-linux-x86_64-fedora-clang, r-devel-linux-x86_64-fedora-gcc