Last updated on 2023-02-05 17:51:20 CET.
Flavor | Version | Tinstall | Tcheck | Ttotal | Status | Flags |
---|---|---|---|---|---|---|
r-devel-linux-x86_64-debian-clang | 1.0.2 | 49.48 | 56.43 | 105.91 | NOTE | |
r-devel-linux-x86_64-debian-gcc | 1.0.2 | 36.14 | 41.18 | 77.32 | NOTE | |
r-devel-linux-x86_64-fedora-clang | 1.0.2 | 137.74 | NOTE | |||
r-devel-linux-x86_64-fedora-gcc | 1.0.2 | 141.32 | NOTE | |||
r-devel-windows-x86_64 | 1.0.2 | 51.00 | 120.00 | 171.00 | NOTE | |
r-patched-linux-x86_64 | 1.0.2 | 37.52 | 54.27 | 91.79 | OK | |
r-release-linux-x86_64 | 1.0.2 | 34.67 | 55.84 | 90.51 | OK | |
r-release-macos-arm64 | 1.0.2 | 44.00 | NOTE | |||
r-release-macos-x86_64 | 1.0.2 | 56.00 | NOTE | |||
r-release-windows-x86_64 | 1.0.2 | 62.00 | 121.00 | 183.00 | NOTE | |
r-oldrel-macos-arm64 | 1.0.2 | 46.00 | NOTE | |||
r-oldrel-macos-x86_64 | 1.0.2 | 56.00 | NOTE | |||
r-oldrel-windows-ix86+x86_64 | 1.0.2 | 108.00 | 127.00 | 235.00 | NOTE |
Version: 1.0.2
Check: C++ specification
Result: NOTE
Specified C++11: please update to current default of C++17
Flavors: r-devel-linux-x86_64-debian-clang, r-devel-linux-x86_64-debian-gcc, r-devel-linux-x86_64-fedora-clang, r-devel-linux-x86_64-fedora-gcc, r-devel-windows-x86_64
Version: 1.0.2
Check: installed package size
Result: NOTE
installed size is 5.6Mb
sub-directories of 1Mb or more:
images 3.1Mb
libs 1.3Mb
Flavors: r-devel-windows-x86_64, r-release-macos-arm64, r-release-macos-x86_64, r-release-windows-x86_64, r-oldrel-macos-arm64, r-oldrel-macos-x86_64, r-oldrel-windows-ix86+x86_64