Last updated on 2023-11-30 14:48:26 CET.
Flavor | Version | Tinstall | Tcheck | Ttotal | Status | Flags |
---|---|---|---|---|---|---|
r-devel-linux-x86_64-debian-clang | 1.0.2 | 42.76 | 58.64 | 101.40 | NOTE | |
r-devel-linux-x86_64-debian-gcc | 1.0.2 | 33.40 | 42.68 | 76.08 | NOTE | |
r-devel-linux-x86_64-fedora-clang | 1.0.2 | 150.79 | NOTE | |||
r-devel-linux-x86_64-fedora-gcc | 1.0.2 | 163.62 | NOTE | |||
r-devel-windows-x86_64 | 1.0.2 | 39.00 | 98.00 | 137.00 | NOTE | |
r-patched-linux-x86_64 | 1.0.2 | 44.66 | 54.68 | 99.34 | NOTE | |
r-release-linux-x86_64 | 1.0.2 | 41.60 | 56.18 | 97.78 | NOTE | |
r-release-macos-arm64 | 1.0.2 | 51.00 | NOTE | |||
r-release-macos-x86_64 | 1.0.2 | 79.00 | NOTE | |||
r-release-windows-x86_64 | 1.0.2 | 49.00 | 105.00 | 154.00 | NOTE | |
r-oldrel-macos-arm64 | 1.0.2 | 44.00 | NOTE | |||
r-oldrel-macos-x86_64 | 1.0.2 | 56.00 | NOTE | |||
r-oldrel-windows-x86_64 | 1.0.2 | 47.00 | 100.00 | 147.00 | NOTE |
Version: 1.0.2
Check: C++ specification
Result: NOTE
Specified C++11: please drop specification unless essential
Flavors: r-devel-linux-x86_64-debian-clang, r-devel-linux-x86_64-debian-gcc, r-devel-linux-x86_64-fedora-clang, r-devel-linux-x86_64-fedora-gcc, r-devel-windows-x86_64, r-patched-linux-x86_64, r-release-linux-x86_64, r-release-macos-arm64, r-release-macos-x86_64, r-release-windows-x86_64
Version: 1.0.2
Check: installed package size
Result: NOTE
installed size is 5.6Mb
sub-directories of 1Mb or more:
images 3.1Mb
libs 1.3Mb
Flavors: r-devel-windows-x86_64, r-release-macos-arm64, r-release-macos-x86_64, r-release-windows-x86_64, r-oldrel-macos-arm64, r-oldrel-macos-x86_64, r-oldrel-windows-x86_64