Last updated on 2022-05-21 15:49:54 CEST.
Flavor | Version | Tinstall | Tcheck | Ttotal | Status | Flags |
---|---|---|---|---|---|---|
r-devel-linux-x86_64-debian-clang | 0.0-4 | 29.91 | 40.82 | 70.73 | OK | |
r-devel-linux-x86_64-debian-gcc | 0.0-4 | 25.12 | 31.35 | 56.47 | OK | |
r-devel-linux-x86_64-fedora-clang | 0.0-4 | 100.78 | NOTE | |||
r-devel-linux-x86_64-fedora-gcc | 0.0-4 | 88.42 | OK | |||
r-devel-windows-x86_64 | 0.0-4 | 40.00 | 74.00 | 114.00 | OK | |
r-patched-linux-x86_64 | 0.0-4 | 25.55 | 39.13 | 64.68 | OK | |
r-release-linux-x86_64 | 0.0-4 | 25.16 | 39.35 | 64.51 | OK | |
r-release-macos-arm64 | 0.0-4 | 30.00 | OK | |||
r-release-macos-x86_64 | 0.0-4 | 39.00 | OK | |||
r-release-windows-x86_64 | 0.0-4 | 37.00 | 78.00 | 115.00 | OK | |
r-oldrel-macos-arm64 | 0.0-4 | 32.00 | OK | |||
r-oldrel-macos-x86_64 | 0.0-4 | 47.00 | OK | |||
r-oldrel-windows-ix86+x86_64 | 0.0-4 | 77.00 | 76.00 | 153.00 | OK |
Version: 0.0-4
Check: Rd cross-references
Result: NOTE
Undeclared packages ‘ICSNP’, ‘ICS’ in Rd xrefs
Flavor: r-devel-linux-x86_64-fedora-clang