CRAN Package Check Results for Package fastText

Last updated on 2024-03-01 06:52:41 CET.

Flavor Version Tinstall Tcheck Ttotal Status Flags
r-devel-linux-x86_64-debian-clang 1.0.4 73.78 81.56 155.34 OK
r-devel-linux-x86_64-debian-gcc 1.0.4 59.09 61.62 120.71 OK
r-devel-linux-x86_64-fedora-clang 1.0.4 229.85 OK
r-devel-linux-x86_64-fedora-gcc 1.0.4 234.48 OK
r-devel-windows-x86_64 1.0.4 64.00 133.00 197.00 OK
r-patched-linux-x86_64 1.0.4 73.86 77.72 151.58 OK
r-release-linux-x86_64 1.0.4 74.69 77.38 152.07 OK
r-release-macos-arm64 1.0.4 79.00 NOTE
r-release-macos-x86_64 1.0.4 100.00 NOTE
r-release-windows-x86_64 1.0.4 77.00 157.00 234.00 OK
r-oldrel-macos-arm64 1.0.4 61.00 NOTE
r-oldrel-windows-x86_64 1.0.4 71.00 152.00 223.00 OK

Check Details

Version: 1.0.4
Check: installed package size
Result: NOTE installed size is 6.7Mb sub-directories of 1Mb or more: doc 1.7Mb libs 3.9Mb Flavors: r-release-macos-arm64, r-release-macos-x86_64, r-oldrel-macos-arm64