Last updated on 2023-02-05 16:52:41 CET.
Flavor | Version | Tinstall | Tcheck | Ttotal | Status | Flags |
---|---|---|---|---|---|---|
r-devel-linux-x86_64-debian-clang | 1.0.3 | 66.74 | 81.39 | 148.13 | NOTE | |
r-devel-linux-x86_64-debian-gcc | 1.0.3 | 51.91 | 60.18 | 112.09 | NOTE | |
r-devel-linux-x86_64-fedora-clang | 1.0.3 | 215.54 | NOTE | |||
r-devel-linux-x86_64-fedora-gcc | 1.0.3 | 192.38 | NOTE | |||
r-devel-windows-x86_64 | 1.0.3 | 134.00 | 181.00 | 315.00 | NOTE | |
r-patched-linux-x86_64 | 1.0.3 | 52.21 | 76.24 | 128.45 | OK | |
r-release-linux-x86_64 | 1.0.3 | 57.09 | 78.04 | 135.13 | OK | |
r-release-macos-arm64 | 1.0.3 | 59.00 | NOTE | |||
r-release-macos-x86_64 | 1.0.3 | 87.00 | NOTE | |||
r-release-windows-x86_64 | 1.0.3 | 139.00 | 194.00 | 333.00 | OK | |
r-oldrel-macos-arm64 | 1.0.3 | 58.00 | NOTE | |||
r-oldrel-macos-x86_64 | 1.0.3 | 87.00 | NOTE | |||
r-oldrel-windows-ix86+x86_64 | 1.0.3 | 161.00 | 203.00 | 364.00 | NOTE |
Version: 1.0.3
Check: C++ specification
Result: NOTE
Specified C++11: please update to current default of C++17
Flavors: r-devel-linux-x86_64-debian-clang, r-devel-linux-x86_64-debian-gcc, r-devel-linux-x86_64-fedora-clang, r-devel-linux-x86_64-fedora-gcc, r-devel-windows-x86_64
Version: 1.0.3
Check: installed package size
Result: NOTE
installed size is 6.5Mb
sub-directories of 1Mb or more:
doc 1.7Mb
libs 3.8Mb
Flavors: r-release-macos-arm64, r-release-macos-x86_64, r-oldrel-macos-arm64, r-oldrel-macos-x86_64, r-oldrel-windows-ix86+x86_64