CRAN Package Check Results for Package fastlogranktest

Last updated on 2022-01-29 06:49:33 CET.

Flavor Version Tinstall Tcheck Ttotal Status Flags
r-devel-linux-x86_64-debian-clang 0.2.1 23.05 38.73 61.78 NOTE
r-devel-linux-x86_64-debian-gcc 0.2.1 16.58 30.08 46.66 NOTE
r-devel-linux-x86_64-fedora-clang 0.2.1 84.29 NOTE
r-devel-linux-x86_64-fedora-gcc 0.2.1 69.33 NOTE
r-devel-windows-x86_64-new-UL 0.2.1 91.00 79.00 170.00 NOTE
r-devel-windows-x86_64-new-TK 0.2.1 NOTE
r-patched-linux-x86_64 0.2.1 21.30 36.74 58.04 NOTE
r-release-linux-x86_64 0.2.1 20.07 35.74 55.81 NOTE
r-release-macos-arm64 0.2.1 NOTE
r-release-macos-x86_64 0.2.1 NOTE
r-release-windows-ix86+x86_64 0.2.1 59.00 76.00 135.00 NOTE
r-oldrel-macos-x86_64 0.2.1 OK
r-oldrel-windows-ix86+x86_64 0.2.1 60.00 81.00 141.00 OK

Check Details

Version: 0.2.1
Check: LazyData
Result: NOTE
     'LazyData' is specified without a 'data' directory
Flavors: r-devel-linux-x86_64-debian-clang, r-devel-linux-x86_64-debian-gcc, r-devel-linux-x86_64-fedora-clang, r-devel-linux-x86_64-fedora-gcc, r-devel-windows-x86_64-new-UL, r-devel-windows-x86_64-new-TK, r-patched-linux-x86_64, r-release-linux-x86_64, r-release-macos-arm64, r-release-macos-x86_64, r-release-windows-ix86+x86_64