CRAN Package Check Results for Package faux

Last updated on 2024-05-29 19:56:02 CEST.

Flavor Version Tinstall Tcheck Ttotal Status Flags
r-devel-linux-x86_64-debian-clang 1.2.1 13.70 318.75 332.45 NOTE
r-devel-linux-x86_64-debian-gcc 1.2.1 11.79 235.76 247.55 NOTE
r-devel-linux-x86_64-fedora-clang 1.2.1 427.29 NOTE
r-devel-linux-x86_64-fedora-gcc 1.2.1 416.37 NOTE
r-devel-windows-x86_64 1.2.1 22.00 304.00 326.00 NOTE
r-patched-linux-x86_64 1.2.1 14.94 315.28 330.22 NOTE
r-release-linux-x86_64 1.2.1 8.52 311.25 319.77 NOTE
r-release-macos-arm64 1.2.1 120.00 NOTE
r-release-windows-x86_64 1.2.1 20.00 299.00 319.00 NOTE
r-oldrel-macos-arm64 1.2.1 116.00 OK
r-oldrel-macos-x86_64 1.2.1 258.00 OK
r-oldrel-windows-x86_64 1.2.1 27.00 371.00 398.00 OK

Check Details

Version: 1.2.1
Check: Rd files
Result: NOTE checkRd: (-1) fh_bounds.Rd:14: Lost braces 14 | \item{params1}{Arguments to pass to the r{dist} function for distribution 1} | ^ checkRd: (-1) fh_bounds.Rd:16: Lost braces 16 | \item{params2}{Arguments to pass to the r{dist} function for distribution 2} | ^ Flavors: r-devel-linux-x86_64-debian-clang, r-devel-linux-x86_64-debian-gcc, r-devel-linux-x86_64-fedora-clang, r-devel-linux-x86_64-fedora-gcc, r-devel-windows-x86_64, r-patched-linux-x86_64, r-release-linux-x86_64, r-release-macos-arm64, r-release-windows-x86_64