CRAN Package Check Results for Package fcaR

Last updated on 2022-05-28 21:50:40 CEST.

Flavor Version Tinstall Tcheck Ttotal Status Flags
r-devel-linux-x86_64-debian-clang 1.1.1 64.08 137.12 201.20 OK
r-devel-linux-x86_64-debian-gcc 1.1.1 55.17 104.98 160.15 OK
r-devel-linux-x86_64-fedora-clang 1.1.1 267.90 OK
r-devel-linux-x86_64-fedora-gcc 1.1.1 247.00 OK
r-devel-windows-x86_64 1.1.1 85.00 187.00 272.00 OK
r-patched-linux-x86_64 1.1.1 57.20 133.80 191.00 OK
r-release-linux-x86_64 1.1.1 56.96 133.19 190.15 OK
r-release-macos-arm64 1.1.1 66.00 NOTE
r-release-macos-x86_64 1.1.1 96.00 OK
r-release-windows-x86_64 1.1.1 96.00 192.00 288.00 OK
r-oldrel-macos-arm64 1.1.1 74.00 OK
r-oldrel-macos-x86_64 1.1.1 92.00 OK
r-oldrel-windows-ix86+x86_64 1.1.1 153.00 234.00 387.00 OK

Check Details

Version: 1.1.1
Check: package dependencies
Result: NOTE
    Package suggested but not available for checking: ‘hasseDiagram’
Flavor: r-release-macos-arm64