Last updated on 2022-05-19 06:58:16 CEST.
Flavor | Version | Tinstall | Tcheck | Ttotal | Status | Flags |
---|---|---|---|---|---|---|
r-devel-linux-x86_64-debian-clang | 2.1.1 | 165.27 | 90.31 | 255.58 | WARN | |
r-devel-linux-x86_64-debian-gcc | 2.1.1 | 125.04 | 67.51 | 192.55 | OK | |
r-devel-linux-x86_64-fedora-clang | 2.1.1 | 364.15 | WARN | |||
r-devel-linux-x86_64-fedora-gcc | 2.1.1 | 316.13 | OK | |||
r-devel-windows-x86_64 | 2.1.1 | 126.00 | 129.00 | 255.00 | OK | |
r-patched-linux-x86_64 | 2.1.1 | 139.81 | 85.51 | 225.32 | OK | |
r-release-linux-x86_64 | 2.1.1 | 128.31 | 84.36 | 212.67 | OK | |
r-release-macos-arm64 | 2.1.1 | 75.00 | NOTE | |||
r-release-macos-x86_64 | 2.1.1 | 94.00 | NOTE | |||
r-release-windows-x86_64 | 2.1.1 | 149.00 | 139.00 | 288.00 | OK | |
r-oldrel-macos-arm64 | 2.1.1 | 79.00 | NOTE | |||
r-oldrel-macos-x86_64 | 2.1.1 | 127.00 | NOTE | |||
r-oldrel-windows-ix86+x86_64 | 2.1.1 | 369.00 | 151.00 | 520.00 | OK |
Version: 2.1.1
Check: whether package can be installed
Result: WARN
Found the following significant warnings:
func.cpp:124:17: warning: use of bitwise '&' with boolean operands [-Wbitwise-instead-of-logical]
Flavors: r-devel-linux-x86_64-debian-clang, r-devel-linux-x86_64-fedora-clang
Version: 2.1.1
Check: installed package size
Result: NOTE
installed size is 7.7Mb
sub-directories of 1Mb or more:
libs 7.1Mb
Flavors: r-devel-linux-x86_64-fedora-clang, r-release-macos-arm64, r-release-macos-x86_64, r-oldrel-macos-arm64, r-oldrel-macos-x86_64